erivative of -11*d**6/60 - d**5/20 - d**4/12 - d**3/2 - 4*d**2. Let b be r(-3). List the prime factors of (b/(-40))/(3/(-8)).
2, 19
Let v(f) be the third derivative of -f**4/12 + 7*f**3/6 - f**2. Suppose 0 = -4*p - w - 25, -4*w = 5*p + w + 50. List the prime factors of v(p).
17
Suppose r - 5 + 3 = 0. Suppose -2 = -r*x - 6. Let f(v) = -16*v - 3. What are the prime factors of f(x)?
29
Let x(g) = g - 1. Let b be x(1). Let y be (-161)/(-28) + 18/(-24). Suppose v - y*t + 13 = b, -5*v - 4 - 1 = -5*t. What are the prime factors of v?
2
Suppose 25 + 5 = 15*k. Suppose 0 = 5*i + 2*t + 90, -3*t = 4*i - 0*t + 72. What are the prime factors of ((-3)/k)/(3/i)?
3
Let n(z) = 51. Let h(v) = v + 52. Let t(s) = 6*h(s) - 5*n(s). List the prime factors of t(9).
3, 37
Suppose -5*d + 39 = 14. Suppose -4*w - 1599 = -5*v, w + d = -4*w. List the prime factors of v.
11, 29
List the prime factors of (-6)/(-4)*(-21)/((-315)/950).
5, 19
Let c be (1*-1)/((10/(-4))/5). Suppose 2*l + 232 = c*i, 5*i - 880 = 4*l - 295. What are the prime factors of i?
11
Suppose 76*f + 316 = 72*f. Let c = -18 - f. What are the prime factors of c?
61
Let z(w) = 7*w - 7. Let s(h) = 4*h - 3. Let v(o) = -5*s(o) + 3*z(o). Let l be v(8). What are the prime factors of 111/6 - l/(-4)?
19
Let s(t) = -t**2 + 6*t - 1. Let w be s(6). Let c(d) = 173*d**2 + 3*d + 3. List the prime factors of c(w).
173
Let a(k) = 2*k**2 - 6*k + 5. Let y be (-3)/12*6*(-20)/(-6). List the prime factors of a(y).
5, 17
Let t(p) = -4*p**2 - 8. Let r be t(4). List the prime factors of r/(-4 - (-1 - 2)).
2, 3
Let p = -22 - -40. List the prime factors of p*(3 + -5)*2/(-4).
2, 3
Suppose l + 5*x - 69 = 0, -4*l - 2*x = -6*x - 396. Let s = l - 42. List the prime factors of s.
2, 13
Let d be (-2 - (-43)/(-2))*-2. Suppose -3*c - 12 = b + 15, 3*c + 5*b = -39. Let r = d - c. What are the prime factors of r?
5, 11
Suppose k = -4*p - 2*k + 2039, 0 = -p - 3*k + 521. List the prime factors of p.
2, 11, 23
Let q = -50 + 275. Suppose -2*c - 2*s = -74, -26 + q = 5*c - 2*s. What are the prime factors of c?
3, 13
Suppose 9*h - 438 + 258 = 0. Let o = 113 - 50. Let q = o - h. What are the prime factors of q?
43
Let r be 3/(-9) + (-110)/3. Let c(k) = -6*k - 10. Let i be c(-12). Let q = r + i. What are the prime factors of q?
5
Suppose 26*s - 5208 = 20*s. List the prime factors of s.
2, 7, 31
What are the prime factors of (-1)/6 - 500/(-120) - -365?
3, 41
Let u(n) = 6*n + 5*n - 12*n. Let s be u(-5). Let m = s + 36. What are the prime factors of m?
41
Suppose 24 = 4*k - w - 2*w, k - 3*w = 6. Suppose -k*l = -5*l - 17. What are the prime factors of l?
17
What are the prime factors of ((-574)/3)/(-7)*15?
2, 5, 41
Let j(c) = 6*c**2 - 48*c + 84. List the prime factors of j(19).
2, 3, 223
List the prime factors of (-12)/15 + (-16152)/(-15).
2, 269
What are the prime factors of 2/7 + 5480/28?
2, 7
Let l(h) = -h + 1. Let k be l(-2). Suppose -7*d + 3*d - 4*g = -112, 0 = -3*g + k. List the prime factors of d.
3
Suppose -g + 5 = 1. Let n(m) be the first derivative of 4*m**3/3 + m**2/2 - 6*m + 30. List the prime factors of n(g).
2, 31
Suppose -33*t = 7*t - 80920. What are the prime factors of t?
7, 17
What are the prime factors of 2/(-15) - (-23282)/15?
2, 97
Let t(c) = -c. Let o(x) = 5*x + 11. Let i(u) = -3*o(u) - 6*t(u). List the prime factors of i(-10).
3, 19
Let q be (-4 - -3) + 10/(-2). Let m(b) = 14*b**2 - 10*b**2 - 5*b**2 - 6*b - 2 - 3*b. What are the prime factors of m(q)?
2
Let g(q) = -31 + 41 + q**2 - 2*q**2 - 5*q. List the prime factors of g(-5).
2, 5
Suppose -8*u + 2450 = 2*u. What are the prime factors of u?
5, 7
Let w(v) = v**3 + 7*v**2 - 6*v - 2. Let g(t) = t + 3. Let z be g(4). Let x be w(z). What are the prime factors of x/21 - 6/(-14)?
31
Let n(j) = 69*j. Suppose 3*d - 21 + 18 = 0. Let i be n(d). Suppose -4*r - i = -193. List the prime factors of r.
31
Let b = -26 + 42. Suppose 9*a - b = 8*a. List the prime factors of a.
2
Suppose 5*g = 5*y - 5224 - 6, 15 = 3*g. List the prime factors of y.
1051
Let s(a) = a**3 - 7*a**2 - 10*a + 5. What are the prime factors of s(11)?
379
Let s be (12/4 - -64)/(-1). Let l = 118 + s. What are the prime factors of l?
3, 17
Let g(a) = 3*a**2 + 9*a + 14. Let p be (30 - 10)*(-4)/(-10). Suppose 0*j - 4 = 2*j - 2*s, p = -2*s. List the prime factors of g(j).
2, 17
Let r(f) = -17*f**2 - 11 - 9 + 2*f**3 + 18*f - f**3. Let w = -62 - -78. List the prime factors of r(w).
2, 3
Suppose 0 = 2*p + 6, 4*l - 11*p - 2397 = -8*p. What are the prime factors of l?
3, 199
Let p(b) = -b**3 + b**2 - b + 11. Let g be p(3). List the prime factors of (-54)/((-9)/((-45)/g)).
3
Let z(k) = 7*k**3 - 3*k**2 + 16*k - 36. List the prime factors of z(5).
2, 211
Let d = 178 - 310. Let c = d + 195. What are the prime factors of c?
3, 7
Let c(l) = -l**2 - 7*l + 11. Let u be 1*-1*(5 + 2). Let w be c(u). Suppose w + 46 = 3*x. What are the prime factors of x?
19
Let t = 18 - 29. Let y = -15 - t. List the prime factors of 166/7 + y/(-14).
2, 3
Let p be (-468)/(-8)*(-4)/(-3). Suppose -130 = -2*o + h + p, 4*o - h - 420 = 0. List the prime factors of o.
2, 53
Suppose -42234 = -49*s - 13275. List the prime factors of s.
3, 197
Let b(m) = -305*m - 247. What are the prime factors of b(-14)?
3, 149
Let z be -10 - -3 - (4 - 3). Let o(b) = -b**3 - 7*b**2 + 4*b + 6. Let r be o(z). Let t = -35 + r. List the prime factors of t.
3
Let b(j) = 12*j - 33. Let p be b(5). Suppose -145 + p = -2*n. List the prime factors of n.
59
Suppose 17*t + 640 - 12268 = 0. What are the prime factors of t?
2, 3, 19
Let b(y) = 3*y**3 - 4*y**2 + 2*y - 2. Suppose 0 = -5*i - 25, -5*r + 0*r = i - 25. Suppose 5*a = 3*a + r. List the prime factors of b(a).
7
Suppose -9*x + 3*x = -12. Suppose -6*u + 736 = -x*u. Suppose -u = -5*z + 5*s - 2*s, -163 = -5*z - 4*s. What are the prime factors of z?
5, 7
Suppose h - 4424 = -3*o, 4*h = 9*o - 5*o - 5920. List the prime factors of o.
2, 3, 41
Suppose 2*s + 0*d - 19 = 5*d, 2*s + 4*d - 46 = 0. What are the prime factors of s?
17
Let l(g) = -g**3 - 14*g**2 + 4*g - 9. Let x be l(-15). Suppose -3*r + 0*r + x = 0. What are the prime factors of r?
2, 13
Let j be 575/3 + 4/(-24)*4. Suppose 745 = j*b - 186*b. List the prime factors of b.
149
List the prime factors of 31434/31 + (-24)/(-3).
2, 7, 73
Let s = -58 - -86. What are the prime factors of s?
2, 7
Suppose -11*k + 1533 = -2988. What are the prime factors of k?
3, 137
Let r = -9 + 36. Let c = r - 24. List the prime factors of 1 + c*106/6.
2, 3
Suppose 27*g + 9 = 24*g. Let n(k) = 13*k**2 + 2*k - 5. List the prime factors of n(g).
2, 53
Let p be 0*(-2)/8*-1. Suppose q + p*q = 5*a - 27, -2*a + 18 = -q. Let n(j) = j**2 + 13*j + 14. What are the prime factors of n(q)?
2
Let t = -17 - -27. Suppose 0 = 4*n + a - 53, -2*a = -n + a + t. Suppose -2*f + 109 = n. List the prime factors of f.
2, 3
Let v be (-696)/(-36) + (-2)/(-3). Let t = 23 - v. Suppose t*k + 55 = 4*k. What are the prime factors of k?
5, 11
Let d = -1007 - -1640. List the prime factors of d.
3, 211
Suppose 8916 = 49*r - 44*r + o, -3*r + 5336 = 4*o. What are the prime factors of r?
2, 223
Suppose 15 = -3*i, i + 26 = 4*a - 19. List the prime factors of (1 + a + -7)*(-1 + 54).
2, 53
List the prime factors of (-40)/12*(-18075)/50.
5, 241
Suppose 7*t - 4*t - 1302 = 0. List the prime factors of t.
2, 7, 31
Let x = 1127 - 548. What are the prime factors of x?
3, 193
Suppose -7*q + 400 = 22. What are the prime factors of ((-3099)/(-27) - -2) + 12/q?
3, 13
Let x(v) = 2*v. Let j be 1 + 1/(3/177). Let p be j/9 + (-4)/(-12). What are the prime factors of x(p)?
2, 7
Let b be (11652/(-15))/(-2) + (-2)/5. Suppose -2*c - 2*c = -b. List the prime factors of c.
97
Suppose 2*d - 4*g - 1396 = -444, -5*d = -3*g - 2373. List the prime factors of d.
2, 3, 79
Let j = 4735 - 3140. What are the prime factors of j?
5, 11, 29
Suppose 0 = -12*i + 7*i - 30. What are the prime factors of 2451/19 + (-3)/i*-2?
2
Let d be 35*(22/15 + 4/(-6)). Suppose 64 = d*j - 24*j. What are the prime factors of j?
2
Suppose 5*n + 1 = -5*p + 6, -4 = 4*n. Suppose 415 - 1281 = 5*h - p*y, -2*h + 4*y - 356 = 0. What are the prime factors of 2/11 - h/22?
2
Suppose 0 = -2*w - 3*w - f + 7590, w = 4*f + 1539. What are the prime factors of w?
7, 31
Let y(o) = o**3 - 14*o**2 + 17*o + 17. Let j be (-6)/15 - (-56